late the remainder when -2 + (-70 + 0)/(-2) is divided by m.
9
Suppose 0 = -2*a + 6*l - l + 239, 3*l = a - 120. Calculate the remainder when 26/a - (-241)/9 is divided by 7.
6
Suppose l - 6*l = -40. Suppose 0 = r - 3 - l. Calculate the remainder when r is divided by -2 - -4*3/2.
3
Suppose 4*p = 5*d - 15 + 53, 30 = 3*p - 3*d. What is the remainder when 47 is divided by p?
11
Suppose -3*d + 6 = -0*d. Suppose 2*v = -4, 5*v = o - 5*o + 94. Suppose -o = -5*x - 6. What is the remainder when x is divided by d?
0
Suppose 0 = 3*z - 23 - 109. Let u(g) = 16*g + 3. Let p be u(-2). Let i = z + p. Calculate the remainder when 43 is divided by i.
13
Suppose x + 3*p - 8 = -p, -2*p + 58 = 5*x. Let d(m) = m**2 - 4*m + 8. Let o be d(7). What is the remainder when x is divided by 3/(-12) + o/4?
5
Suppose 0 = q - 6*q + 200. Suppose 0 = -2*f + 5*h + 45, -f + q = -h + 2*h. What is the remainder when f is divided by 12?
11
Let z(g) = 2*g**3 - g**2 - 4*g + 3. Suppose -7 + 1 = -3*q. What is the remainder when z(q) is divided by 2/((-2)/(-5 + 1))?
3
Let l(n) = n**3 - 14*n**2 + n - 8. Let g(s) = -s**2 - 10*s + 14. Let p be g(-10). What is the remainder when 22 is divided by l(p)?
4
Suppose -4*w - 3*v + 15 = -85, 4*w + v - 92 = 0. Let o = w + -15. Let l(j) = -j**2 + 3*j + 3. Calculate the remainder when o is divided by l(3).
1
Suppose -3*p = -115 - 38. Suppose f - 5*y - p = -6, -60 = -f + 2*y. Suppose 0 = w + 4*w - f. What is the remainder when w is divided by 8?
6
Suppose -2*c - 46 = -2*b - 7*c, -b + 5*c = -8. What is the remainder when 46 is divided by b?
10
What is the remainder when 47 is divided by 228/14 + 6/(-21)?
15
Suppose 4*o = 3*w - 16 + 6, 0 = -4*w + 3*o + 25. Let f = -7 + -21. Let m = f + 56. What is the remainder when m is divided by w?
8
Let p be (1 + 2)*12/12. Suppose -p*b + 64 + 14 = 0. Let o(h) = -h**3 - 6*h**2 - h + 8. Calculate the remainder when b is divided by o(-6).
12
Let w(x) = 3*x**2 + 2*x - 3. Calculate the remainder when 24 is divided by w(2).
11
Let i(c) = 4*c - c**2 + 2*c**3 - 1 - 3*c**2 - 2*c**2 - 3*c**3. What is the remainder when i(-7) is divided by 7?
6
Let k = 3 - 1. Let u(s) = 3*s - 1. Suppose 43 = h + 2*h - 4*p, -5*p - 5 = 0. Calculate the remainder when h is divided by u(k).
3
Let w(z) = -2*z**2 + 34*z - 53. Calculate the remainder when 0/1*-1 + 20 is divided by w(15).
6
Suppose 0*o = -o + 4. Suppose o = 3*f - 2*f. Calculate the remainder when (-2)/8 + 50/8 is divided by f.
2
Let t(v) = 2*v - 10. Let d be t(7). Suppose 4*b = 4*q + 4, -4*b - 4*q - d + 24 = 0. What is the remainder when 35 is divided by 19 - ((-1 - 2) + b)?
16
Let n(k) = -20*k - 8. Calculate the remainder when n(-6) is divided by 23.
20
Let f = 3 + 1. Let x(y) = 5*y - 10. Calculate the remainder when x(4) is divided by f.
2
Suppose -4*a = 5*w - 692, -a - 3*w = w - 184. Suppose i = 4*i + v - a, -3*i + 3*v = -180. Calculate the remainder when i is divided by 15.
12
Let a(v) = v**3 - 3*v + 2. Suppose -2*o = o + 6, -2*h - 5*o = 4. Calculate the remainder when a(h) is divided by 11.
9
Let k = 49 - 35. What is the remainder when 167 is divided by k?
13
Let l = 4 - 6. Let d = l + 6. Calculate the remainder when (-17)/(-3) - (-2)/6 is divided by d.
2
Let f = 56 + 0. Suppose 2*s - 40 = -y, 6*y - s = 3*y + 113. Suppose 0 = -2*q - 3*j + y, -2*q - q + 57 = -4*j. What is the remainder when f is divided by q?
18
Let o(f) = -13*f**3 + 12*f**3 + 3*f**2 + f**2 + 0 - 4. Calculate the remainder when o(3) is divided by 4.
1
Let x be -2 + 4/2*-1. Calculate the remainder when (124/6)/(x/(-6)) is divided by 16.
15
Let s = 17 - 15. Suppose s*i - 9 = 25. Calculate the remainder when 31 is divided by i.
14
Suppose 0 = -3*y + 2*c + 11, 2*y + 11 = -0*y + 5*c. Let v(f) = 3 - 4 - 5*f + 6*f. Calculate the remainder when y is divided by v(4).
1
Let k be -5 + 2 - 0/1. Let b = k + 16. What is the remainder when b is divided by 7?
6
Suppose -4*n = -3*v - 11, -3*v = -n + 1 - 5. Suppose -n*m = 31 - 226. Calculate the remainder when m is divided by 10.
9
Let u = -8 - -14. Suppose 3*n = u*n + 117. Calculate the remainder when (-2)/(-1 + n/(-41)) is divided by 14.
13
Suppose 236 = 2*j - o, 4*j - o - 476 = 3*o. What is the remainder when j is divided by 20?
17
Let y be (1/3)/((-1)/(-3)). Calculate the remainder when 23 is divided by 11 - y - (0 + 2).
7
Suppose 20 = 4*a, o - 2*o - 4*a + 98 = 0. Calculate the remainder when o is divided by 27.
24
Let l = 24 - -1. Let g(f) = f + 4. Let r be g(0). Suppose -r*q - q + l = 0. Calculate the remainder when q is divided by 2.
1
Calculate the remainder when -4*(-3)/36 - 23/(-3) is divided by 3.
2
Suppose -j - 2*j = 4*b - 79, -5*j - 59 = -2*b. What is the remainder when (1 + -2)*0 - -64 is divided by b?
20
Let k(f) = 11*f**2 + 3*f + 6. Suppose 0 = 2*c + 1 - 47. Calculate the remainder when k(-2) is divided by c.
21
Let g(m) = m**2 - 11*m + 2. Let h be g(11). Suppose 3*c - 15 = 3*s + 9, 4*c - h*s - 42 = 0. Suppose -18 = -v + 6. What is the remainder when v is divided by c?
11
Let l(r) = r - 3. Let v(j) = j. Let p(m) = l(m) - 5*v(m). Calculate the remainder when p(-5) is divided by 9.
8
Suppose -7*w = -3*w - 4. What is the remainder when ((-3)/((-6)/82))/w is divided by 21?
20
Let u = 54 + -17. Calculate the remainder when u is divided by (16 - (1 - 4))*1.
18
Suppose -2*i - 4*t = -52, 5*t = 4*i - 30 - 9. Suppose 2*c = 4*c - 10. Suppose 0 = c*l - l - i. Calculate the remainder when l is divided by 2.
0
Let s(p) = -p + 23. What is the remainder when s(3) is divided by 7?
6
Let g(b) be the third derivative of -b**4/24 + b**3/2 - 5*b**2. Calculate the remainder when g(2) is divided by 1.
0
Let c be 100/6 + (-12)/18. Suppose a + 0*a + h = c, 5*a = -4*h + 76. Let w = a - 2. Calculate the remainder when w is divided by 4.
2
Let o be 21/6 + (-2)/4. Suppose -4*z = t - 20, -t - o*z + 1 + 15 = 0. Suppose t*r = 113 - 37. What is the remainder when r is divided by 10?
9
Suppose 5*l - 4*y - 23 = 0, 3*l - 22 = 5*y - 3. Suppose 0 = l*j + 3*j - 114. What is the remainder when j is divided by 5?
4
Let a(t) = -t**3 + 11*t**2 + 14*t - 6. Calculate the remainder when 52 is divided by a(12).
16
Calculate the remainder when 15 is divided by 372/42 + 1/7.
6
Suppose -5*g + 4 = -16. Let a(v) = -v + 4. Let h be a(g). Let r = 1 - h. Calculate the remainder when r is divided by 1.
0
Let c(k) = -k**3 - 14*k**2 - 24*k + 28. Calculate the remainder when c(-12) is divided by 13.
2
What is the remainder when ((-2)/(-3))/(2/(-222)*-1) is divided by 20 - (-2)/(-1 - 1)?
17
Let i(d) be the first derivative of 22*d**3/3 + d + 6. Calculate the remainder when i(-1) is divided by 6.
5
Suppose 4*y - 2*m - 20 = -0*m, -5*y + 25 = m. Let q = 48 + -12. Suppose v + 15 = -0*r + y*r, -4*v = 4*r - q. What is the remainder when 13 is divided by v?
3
Suppose -22 = -3*k + 38. What is the remainder when k is divided by 8?
4
Let i be (8/4 - 3) + 4. Let k(g) = g**2 - g + 1. What is the remainder when 13 is divided by k(i)?
6
Suppose -3*o + 5*w - 13 = 0, 4*o + 4*w - 4 = 8*o. Calculate the remainder when 14 is divided by o.
2
Let o = 75 - 54. Calculate the remainder when o is divided by 11.
10
Suppose -4*v = -v - 117. Suppose -9*t + 40 = -4*t. Let g = v - t. What is the remainder when g is divided by 11?
9
Let j(z) = 5 + 6 - z**2 + 2*z**2 + 4*z. Let b(o) = 9*o + 1. Let a be b(-1). What is the remainder when j(a) is divided by 15?
13
Let i = -46 - -118. Calculate the remainder when i is divided by 25.
22
Calculate the remainder when (-1)/(-2)*(32 + 18) is divided by 13.
12
Let w be (-3)/(2/(-4 + 2)). Suppose -5*z = -4*i + 117, -4*i + w*z = -6*i + 53. Let u(l) = 2*l**2 + 2*l - 2. Calculate the remainder when i is divided by u(2).
8
Suppose 6*q + 4*z - 146 = 4*q, 3*q + 5*z - 216 = 0. Calculate the remainder when q is divided by 14.
11
Let s be (-1)/(-1*1/(-31)). Let i = -6 - s. Calculate the remainder when i is divided by (-6)/(-10) + -1 + (-296)/(-40).
4
Let d be 21 + (-3)/3 + 0. Suppose 5*b - d = -0. Suppose 3*i = -2*i + 35. Calculate the remainder when i is divided by b.
3
Let b = 19 + -12. Let d = 4 - 6. What is the remainder when d - (-1*15)/1 is divided by b?
6
What is the remainder when 41 is divided by (7 - 15)*(-3)/2?
5
Let b = -151 + 233. Calculate the remainder when b is divided by 29.
24
Let j(q) = -q**3 + 5*q**2 - 3*